u + 3 = 0. Calculate the remainder when f is divided by 26.
23
Let r = 10 + -7. Let h(q) = -q**2 + 8*q + 19. Calculate the remainder when h(9) is divided by r.
1
Suppose -6*n + 68 = 8. Let s be (-8)/10*5/(-2). Suppose -s - n = -2*d. What is the remainder when 23 is divided by d?
5
What is the remainder when 96 is divided by (-3)/((-45)/10)*-6 + 33?
9
Let t(w) = 50*w**2 + w - 1. Let x = 26 - -47. Suppose -3*q - 15 = -g - q, 4*g + 5*q - x = 0. Calculate the remainder when t(1) is divided by g.
16
Suppose -234 = -9*f + 189. What is the remainder when f is divided by 37?
10
Suppose 5*x - h = 61, x - 4 = -2*h + 17. What is the remainder when 5 - 45/10 - (-63)/2 is divided by x?
6
Suppose -t = -4*r - 16, 3*t + r = 4*t - 28. Suppose z = 4*z + 4*f + 1, -z + 5*f - t = 0. What is the remainder when (z - -8) + 37 + -1 is divided by 10?
7
Suppose -3*c + 342 - 258 = 0. What is the remainder when 76 is divided by c?
20
Let i(o) = o**2 - o - 5. Let b(x) = -7*x**3 + 2*x - 1. Let u be b(1). Calculate the remainder when i(u) is divided by 660/50 - 1/5.
11
Calculate the remainder when ((-27666)/24)/(-29) + 6/(-8) is divided by 11.
6
Let x = -566 + 603. What is the remainder when 71 is divided by x?
34
Let m be -3 + -20*8 + -3. What is the remainder when (0 - 1)*(-3 + m + 2) is divided by 21?
20
Suppose 4*m - 217 = -3*z, -m + 43 = 3*z - 0. Let c = -1 - -5. Calculate the remainder when m is divided by (30/8)/(1/c).
13
Let h = 1923 + -1906. What is the remainder when 175 is divided by h?
5
Suppose -16 = -r - 2. Let m be (7 - 6) + (2 - 0). Suppose 50 = 2*w + 4*b - 16, 5*b + 55 = m*w. Calculate the remainder when w is divided by r.
11
What is the remainder when 306 is divided by (-2)/(-12) + (-1705)/(-30)?
21
Suppose 4*g - g = 2*v - 72, 2*v = -4*g - 96. Let n = 19 + g. Let y(x) = -x**3 - 3*x**2 + 5*x - 6. Calculate the remainder when 36 is divided by y(n).
17
Let g(k) = -3*k**3 - 3*k**2 + 2*k + 4. Let w be g(-5). Suppose -5*c + w = -6. Suppose -3*n + c = -36. Calculate the remainder when 125 is divided by n.
29
Suppose -3*n = -4*i + 65 + 154, 4*i - 229 = 5*n. Calculate the remainder when 151 is divided by i.
49
Let q be -1 + (-1)/(5 - 4). Let f be 60/5 + 0/q. Suppose -f*h = -7*h - 275. What is the remainder when h is divided by 19?
17
Suppose 0*r - 16 = -4*r. Suppose 0 = r*q + w - 96, 0 = -4*q - 5*w + 23 + 57. Let l(k) = -k**2 + 28*k - 18. Calculate the remainder when l(23) is divided by q.
22
What is the remainder when 128 is divided by (12/8)/(-4*(-1)/72)?
20
Let r be 125/(2/(-6)*(-17 - -14)). Suppose 0 = 4*t - 5*w - r, 3*t - 108 = -3*w + 2*w. Suppose 0 = 3*k - 6*k + 27. What is the remainder when t is divided by k?
8
Let d = -432 - -512. Calculate the remainder when 319 is divided by d.
79
Suppose 5*l + 22 = h, 15 = -5*l - 5. Suppose -h*w = -2*i + 22 + 12, 3*i - 47 = 4*w. What is the remainder when 39 is divided by i?
18
Suppose 0 = 19*m - 1813 - 619. What is the remainder when m is divided by 72?
56
Let u(a) = -a + 2 + 4 + 2*a**2 - 8 - 22*a**3. Calculate the remainder when 83 is divided by u(-1).
14
Suppose -5*x - 20 = -5*l, -2*x - 6 = l + 2*x. Suppose -j + 14 = t + l*j, 16 = 5*t - 3*j. What is the remainder when 41 is divided by t?
1
Suppose -2*v + 3*v = -n + 288, -1176 = -4*n + 2*v. Calculate the remainder when n is divided by 74.
70
Suppose 4*n - 148 = -27*h + 24*h, -4*n = -h + 60. What is the remainder when h is divided by 27?
25
Suppose -2*x - 76 = -5*n - 4, 0 = -4*x - 2*n - 120. Let g = x - -50. Suppose l - 16 = -2*h, -4*h + 22 = 4*l - 2. Calculate the remainder when g is divided by h.
9
Suppose -2*j = 2*j - 16. Let p(v) = -3*v - 35. What is the remainder when p(-15) is divided by 3 + 2 + j/(-2)?
1
Let h(d) = d**3 - 2*d**2 - 6*d + 4. Let p = 630 + -583. Calculate the remainder when p is divided by h(4).
11
Let l(b) = -b**3 - 15*b**2 + 35*b + 35. Calculate the remainder when 34 is divided by l(-17).
16
Let t(u) be the first derivative of 6*u**2 - 3*u - 3. Suppose 0*s - 41 = -4*s - 3*x, 3*s - 15 = 3*x. What is the remainder when t(s) is divided by 24?
21
Suppose 5*i - 10 = -5*f, 2 = -3*f + i - 0. Suppose 5*p + f = 25. Let q = -60 - -77. Calculate the remainder when q is divided by p.
2
Let x(c) = -2*c**2 - 19*c + 30. What is the remainder when 135 is divided by x(-9)?
18
Suppose -92 = 19*b - 23*b. Suppose 3*m - 8 + 2 = 0. Calculate the remainder when (-3 + m - -68)*1 is divided by b.
21
Let l(i) = -i**2 + 6*i - 8. Suppose 2*m - 8*m = -18. What is the remainder when 2 + (-3 + 3 - 1) is divided by l(m)?
0
Let i = -445 + 605. What is the remainder when i is divided by 18?
16
Let n = -15 + -180. What is the remainder when 26 is divided by 3/12 + -1 + n/(-20)?
8
Suppose 2*y + 47 = 4*c - y, -48 = -3*c - 2*y. What is the remainder when -14*-1*4/c is divided by (0 - -2) + (2 - 1)?
1
Calculate the remainder when 84 is divided by (-6)/2 + 3*(-164)/(-12).
8
Calculate the remainder when (-1 + 2)/((-2)/(-134)) is divided by (-15)/(135/(-36)) + 16.
7
Let l = -23 + 52. Let z(n) be the third derivative of n**5/30 - 5*n**4/24 - 4*n**3/3 - 3*n**2. What is the remainder when z(7) is divided by l?
26
Suppose 0 = 2*a + 5*w - 40, 0 = -5*a + 5*w + 51 + 119. Suppose -a = -3*l + 3*p, 3*l - 6 = -p + 32. What is the remainder when 42 is divided by l?
6
Suppose -5*z + 114 = -4*i, 0 = 53*z - 55*z - 2*i + 60. What is the remainder when 224 is divided by z?
16
Suppose -2*m = 2*w - 1348, 7*w - 3*w + m = 2708. What is the remainder when w is divided by 68?
66
Let k = -32 + 53. Suppose -v = 4*t - 87, -6*v + 2*t = -2*v - 312. Let u = 141 - v. Calculate the remainder when u is divided by k.
20
Let p be 6/2 + 40 + 1. Let l = -38 + p. Calculate the remainder when 46 is divided by l.
4
Let t = -411 - -589. What is the remainder when t is divided by 36?
34
Let d(p) = 69 + 15*p**2 - 2*p**2 + 20*p + 29*p. Let t(i) = -3*i**2 - 12*i - 17. Let g(a) = 2*d(a) + 9*t(a). Calculate the remainder when g(-6) is divided by 5.
4
Suppose -14*f - 174 - 22 = 0. Suppose -78 = -5*r - w + 50, -60 = -3*r + 5*w. Let l = r + f. What is the remainder when 32 is divided by l?
10
Let n(c) = -c + 44. What is the remainder when n(17) is divided by 4?
3
Let b = 698 + -674. Calculate the remainder when 297 is divided by b.
9
Suppose 0 = 11*z - 7*z. Suppose -h + z = 5. What is the remainder when 6/h*720/(-27) is divided by 11?
10
Let l = 221 + -169. What is the remainder when 316 is divided by l?
4
Suppose -5*q + 0 = -20. Let v(s) be the third derivative of s**6/120 - s**5/60 + s**4/8 - s**3/3 + 3*s**2. Calculate the remainder when v(q) is divided by 20.
18
Suppose 68*u - 93*u + 725 = 0. Let c(w) = 2*w**3 - 3*w**2 - 4*w. What is the remainder when u is divided by c(3)?
14
Suppose -2*s + 5*m = 7 + 26, 2*s + 5*m = 17. Calculate the remainder when 52/(-65)*((-1830)/s)/(-3) is divided by 25.
22
Let t(j) = -28*j**3 + j**2 - j - 1. Let a(w) = -w**2 + 766*w + 6202. Calculate the remainder when t(-1) is divided by a(-8).
9
Suppose 0 = j + j - 4*g - 38, -5*j - 2*g = -71. Suppose 0 = -3*z + 18. Calculate the remainder when (-152)/(-10) + -4 - 3/j is divided by z.
5
Let x(m) = 6*m - 97. What is the remainder when x(21) is divided by 17?
12
Let g(m) = m**3 + 15*m**2 + 12*m + 4. Let h be 3/4 - 354/24. Let w be g(h). Let b = 48 - w. Calculate the remainder when 44 is divided by b.
12
Suppose -6*u + 181 = 3*k - 5*u, -5*k = -5*u - 275. What is the remainder when k is divided by 21?
17
Suppose 10*n = 11*n. Suppose -5*b + 167 + 53 = n. Suppose v - 3*z = 5, z = 4*v - 3*z - b. Calculate the remainder when 40 is divided by v.
12
Suppose -4*m + 6*g - 2*g + 108 = 0, 0 = 4*g. Let f = m + -26. Suppose o + f = 22. What is the remainder when o is divided by 13?
8
Suppose 0 = 2*i + 2*i - 3*u - 51, 5*u = 3*i - 41. Let m = 6495 + -6450. Calculate the remainder when m is divided by i.
9
Suppose -3*j - 7*k + 5*k + 181 = 0, -43 = -j - 5*k. Let v = 67 - j. Calculate the remainder when 26 is divided by v.
2
Suppose 32*l - 132 = 220. What is the remainder when 393 is divided by l?
8
Suppose -70 = -2*m - 26. Let t = m - 19. Suppose 0 = -4*p - t*y + 155, 5*y + 142 = 3*p + 33. Calculate the remainder when p is divided by 20.
18
Let p = 373 + -370. Suppose -2*l + 9 = -19. Calculate the remainder when l is divided by p.
2
Let n = 518 + -498. What is the remainder 